remainder when 5684 is divided by 1402?
76
Calculate the remainder when 3706 is divided by 1223.
37
What is the remainder when 71351 is divided by 201?
197
Calculate the remainder when 21108 is divided by 232.
228
Calculate the remainder when 1283 is divided by 422.
17
Calculate the remainder when 716 is divided by 651.
65
Calculate the remainder when 25693 is divided by 145.
28
Calculate the remainder when 3002 is divided by 226.
64
Calculate the remainder when 1979 is divided by 1346.
633
What is the remainder when 16408 is divided by 2706?
172
Calculate the remainder when 1724709 is divided by 44.
41
What is the remainder when 628 is divided by 38?
20
What is the remainder when 113945 is divided by 42?
41
What is the remainder when 154406 is divided by 390?
356
Calculate the remainder when 734 is divided by 46.
44
Calculate the remainder when 3529 is divided by 63.
1
What is the remainder when 13982498 is divided by 119?
117
What is the remainder when 561251 is divided by 37?
35
What is the remainder when 6363 is divided by 863?
322
Calculate the remainder when 24280 is divided by 460.
360
Calculate the remainder when 6069 is divided by 445.
284
What is the remainder when 18106 is divided by 5961?
223
What is the remainder when 27468 is divided by 1017?
9
Calculate the remainder when 766 is divided by 113.
88
Calculate the remainder when 1918 is divided by 494.
436
Calculate the remainder when 107897 is divided by 130.
127
Calculate the remainder when 6133 is divided by 1505.
113
Calculate the remainder when 15694 is divided by 7.
0
What is the remainder when 37108 is divided by 89?
84
What is the remainder when 9927 is divided by 391?
152
Calculate the remainder when 2023859 is divided by 356.
355
Calculate the remainder when 13826 is divided by 282.
8
What is the remainder when 1664 is divided by 56?
40
What is the remainder when 62386 is divided by 39?
25
What is the remainder when 7635 is divided by 178?
159
Calculate the remainder when 526787 is divided by 43.
37
Calculate the remainder when 1082 is divided by 174.
38
Calculate the remainder when 79789 is divided by 158.
157
What is the remainder when 1520 is divided by 324?
224
What is the remainder when 6494 is divided by 3244?
6
What is the remainder when 482887 is divided by 5?
2
Calculate the remainder when 2211 is divided by 125.
86
Calculate the remainder when 4346 is divided by 332.
30
Calculate the remainder when 210 is divided by 122.
88
What is the remainder when 11319 is divided by 519?
420
What is the remainder when 9031 is divided by 1143?
1030
What is the remainder when 6443 is divided by 123?
47
What is the remainder when 1694974 is divided by 27?
22
Calculate the remainder when 120028 is divided by 124.
120
What is the remainder when 3465 is divided by 30?
15
What is the remainder when 1856829 is divided by 456?
453
Calculate the remainder when 184469 is divided by 42.
5
What is the remainder when 71874 is divided by 1159?
16
What is the remainder when 2738 is divided by 13?
8
What is the remainder when 1438 is divided by 1339?
99
Calculate the remainder when 392 is divided by 189.
14
Calculate the remainder when 3159 is divided by 1028.
75
Calculate the remainder when 288958 is divided by 192.
190
What is the remainder when 78994 is divided by 20?
14
Calculate the remainder when 9916 is divided by 4929.
58
Calculate the remainder when 747 is divided by 9.
0
What is the remainder when 149926 is divided by 8?
6
What is the remainder when 7331 is divided by 32?
3
Calculate the remainder when 13683 is divided by 13500.
183
Calculate the remainder when 3599 is divided by 1612.
375
Calculate the remainder when 1489 is divided by 451.
136
Calculate the remainder when 867 is divided by 279.
30
Calculate the remainder when 508 is divided by 25.
8
What is the remainder when 33717 is divided by 28?
5
Calculate the remainder when 1938196 is divided by 237.
10
Calculate the remainder when 3606 is divided by 190.
186
Calculate the remainder when 54996 is divided by 618.
612
What is the remainder when 6698 is divided by 149?
142
Calculate the remainder when 221723 is divided by 66.
29
What is the remainder when 1018 is divided by 325?
43
Calculate the remainder when 9034 is divided by 72.
34
What is the remainder when 64965 is divided by 22?
21
Calculate the remainder when 9283 is divided by 3076.
55
What is the remainder when 241978 is divided by 10?
8
Calculate the remainder when 10933 is divided by 10867.
66
What is the remainder when 3188 is divided by 978?
254
What is the remainder when 20213 is divided by 21?
11
Calculate the remainder when 22419 is divided by 7468.
15
What is the remainder when 68551 is divided by 613?
508
What is the remainder when 72350 is divided by 402?
392
Calculate the remainder when 4949 is divided by 334.
273
What is the remainder when 3623 is divided by 339?
233
What is the remainder when 1910 is divided by 532?
314
What is the remainder when 23485 is divided by 7827?
4
Calculate the remainder when 14312 is divided by 462.
452
Calculate the remainder when 41669 is divided by 758.
737
Calculate the remainder when 16758 is divided by 16630.
128
Calculate the remainder when 6823876 is divided by 10.
6
Calculate the remainder when 5825 is divided by 54.
47
What is the remainder when 10200 is divided by 5078?
44
Calculate the remainder when 5487 is divided by 18.
15
What is the remainder when 20111 is divided by 314?
15
What is the remainder when 10847 is divided by 6?
5
Calculate the remainder when 607755 is divided by 151937.
7
Calculate the remainder when 6417 is divided by 1058.
69
Calculate the remainder when 1964 is divided by 848.
268
What is the remainder when 885 is divided by 850?
35
Calculate the remainder when 5387 is divided by 435.
167
What is the remainder when 2664 is divided by 535?
524
Calculate the remainder when 114636 is divided by 159.
156
Calculate the remainder when 72776 is divided by 10392.
32
Calculate the remainder when 1353 is divided by 392.
177
What is the remainder when 46652 is divided by 15545?
17
Calculate the remainder when 756000 is divided by 560.
0
Calculate the remainder when 3597 is divided by 3543.
54
What is the remainder when 327989 is divided by 15?
14
Calculate the remainder when 24278 is divided by 3466.
16
What is the remainder when 2695 is divided by 2203?
492
Calculate the remainder when 1583201 is divided by 111.
8
What is the remainder when 1086297 is divided by 362095?
12
What is the remainder when 7662 is divided by 174?
6
Calculate the remainder when 422 is divided by 15.
2
What is the remainder when 132138 is divided by 13?
6
What is the remainder when 170003 is divided by 31?
30
Calculate the remainder when 11728 is divided by 1695.
1558
What is the remainder when 4286 is divided by 1379?
149
Calculate the remainder when 20182 is divided by 3.
1
What is the remainder when 15480 is divided by 108?
36
What is the remainder when 59401 is divided by 109?
105
Calculate the remainder when 679 is divided by 580.
99
Calculate the remainder when 13156 is divided by 57.
46
Calculate the remainder when 367 is divided by 161.
45
What is the remainder when 2865 is divided by 6?
3
Calculate the remainder when 88764 is divided by 33.
27
What is the remainder when 1755891 is divided by 679?
676
Calculate the remainder when 3824 is divided by 429.
392
Calculate the remainder when 684147 is divided by 10.
7
What is the remainder when 43 is divided by 27?
16
What is the remainder when 34454 is divided by 3827?
11
Calculate the remainder when 3271 is divided by 1634.
3
Calculate the remainder when 5730 is divided by 185.
180
Calculate the remainder when 41691 is divided by 8327.
56
What is the remainder when 7331 is divided by 2347?
290
What is the remainder when 130894 is divided by 26172?
34
Calculate the remainder when 841 is divided by 122.
109
Calculate the remainder when 5019 is divided by 1254.
3
Calculate the remainder when 229 is divided by 112.
5
Calculate the remainder when 178687 is divided by 78.
67
Calculate the remainder when 1485 is divided by 463.
96
What is the remainder when 4744 is divided by 153?
1
What is the remainder when 43332 is divided by 610?
22
Calculate the remainder when 1143 is divi